-4*i + 468, -5*i + 471 = -3*r. Let n be (i + 0)*(-12 + 13). What is the highest common divisor of n and 12?
12
Let w(f) = f**3 - 2*f**2 - 13*f + 7. Let q be ((-10)/(-3))/(-5*(-6)/45). Let t be w(q). Calculate the greatest common divisor of t and 51.
17
Suppose z - 20 = -4*x, -3*z + 3*x + 54 + 21 = 0. What is the highest common factor of z and 44?
4
Let j(h) = -27*h**3 + h**2 - 3*h + 2. Let x be j(1). Let d = x + 43. What is the greatest common divisor of d and 176?
16
Let t(j) = -2*j**2 + 14*j. Let m be t(4). What is the greatest common divisor of m and 18?
6
Let i be -4 - 3/(-6)*26. Let u(r) = -r**3 + 19*r + 6. Let c be u(-5). What is the greatest common divisor of i and c?
9
Suppose -21 = -m + 4*c, -3*m + 0 + 3 = 3*c. Suppose 3*o = -m*w + 221 + 13, 2*o - 4*w = 156. What is the greatest common divisor of o and 195?
39
Let d(m) = 3*m**2 - 29*m + 5. Let i be d(13). What is the greatest common factor of i and 30?
15
Let s = 61 - -62. Let u = 211 - s. What is the highest common divisor of u and 11?
11
Let r = 137 + -92. Calculate the highest common divisor of 90 and r.
45
Suppose 12 = -3*z - 0*z, -2*g + 2*z + 12 = 0. Suppose -i = g*u + 4*i - 67, 4*u - 5*i = 59. Calculate the greatest common factor of u and 105.
21
Suppose 5*b = 3*l + 234, -b - 21 = 3*l - 75. Suppose -3*x + 96 = 4*p, -9*x + 5*x + 3*p = -128. What is the highest common factor of x and b?
16
Let u be ((-2)/(-6))/(11/33)*20. Calculate the highest common divisor of u and 1560.
20
Let g(w) = -13*w - 336. Let z be g(-27). Calculate the greatest common factor of 70 and z.
5
Suppose 0 = 4*x - 2*a + 193 + 53, 0 = 4*x + 4*a + 264. Let r = -30 - x. Calculate the greatest common factor of 99 and r.
33
Suppose 3*i = 2*v - 275, 3*v - 7*i = -12*i + 403. What is the greatest common divisor of 51 and v?
17
Let l(h) = 6*h**3 - h**2 + 4*h - 4. Let m be (-16 + 12)*2/(-4). Let s be l(m). What is the greatest common divisor of s and 6?
6
Let s(n) be the second derivative of n**4/6 + 23*n**3/6 + 11*n**2 + 33*n. Let g be s(-11). Let k = 179 + -58. What is the highest common divisor of k and g?
11
Suppose 0 = 19*c + 85 - 959. Let m = 70 - c. Suppose 0*a = 2*j - 2*a - 8, a = 5*j - 20. What is the highest common factor of j and m?
4
Let p(k) = k**2 + 4*k + 2. Let u be p(-5). Let j = u + -5. Let q = 56 + -40. What is the highest common divisor of j and q?
2
Suppose 276 = 23*t - 0*t. What is the highest common factor of t and 348?
12
Suppose -3*q - 12 = -p, 4*q + 24 = -5*p + 141. Let d be 50/20 + 37/2. Calculate the greatest common factor of p and d.
21
Let w(g) = 11*g**3 - 26*g**2 + 2*g + 9. Let t be w(3). What is the greatest common divisor of 1950 and t?
78
Let o be 914/(-5) + 2/(-10). Let u be o/(-21) + 2/7. Suppose 3*m + 24 = 3*l - u, -l + 4*m = -14. Calculate the highest common divisor of 90 and l.
10
Let v be -16*(-2 + 20/(-8)). Suppose 0 = o - 14 + 6. Calculate the greatest common divisor of v and o.
8
Let u = 679 + -547. Calculate the highest common divisor of u and 704.
44
Let d be 6/5*(-7 - -2) - -29. Calculate the highest common divisor of 207 and d.
23
Let p be (-208)/(-12)*(-120)/(-16). Calculate the greatest common divisor of 10 and p.
10
Let g(q) = q**2 - 5*q - 9. Let v be g(11). Calculate the greatest common divisor of v and 19.
19
Let w = -286 + 436. Let g = w + -371. Let l be -11 + 13 - (-1 + g). Calculate the highest common factor of l and 32.
32
Suppose -i - o + 2 = -3*o, 5*o + 8 = i. Let q = i + 32. What is the highest common divisor of 15 and q?
15
Suppose -4*i = 7*i - 154. Suppose i*d = 19*d - 170. Calculate the highest common divisor of 85 and d.
17
Let h(f) = 176*f**2 + 2*f + 2. Let w(y) = y**2 + 6*y - 5. Let l be w(-6). Let j = -6 - l. Let v be h(j). What is the highest common divisor of 16 and v?
16
Suppose 3 = -2*p - 5. Let u be (-18)/24 - 91/p. What is the highest common factor of u and 22?
22
Let r(y) = -13*y - 41. Let t be r(-5). What is the highest common divisor of 60 and t?
12
Let w be (0 - -1) + 11 + -8. Suppose 2*j - 5*g - 27 = j, w*g + 27 = j. What is the highest common factor of j and 27?
27
Let o(d) = d**3 - 7*d**2 + 8*d - 9. Let z be o(6). Suppose 9*a - 5*w - 85 = 4*a, 23 = a - z*w. Let r = 20 - a. Calculate the highest common divisor of 48 and r.
6
Let a be -3 + 3/1 - -385. Suppose 5*n + 2*w + 3*w - a = 0, 4*w - 386 = -5*n. Calculate the highest common divisor of n and 52.
26
Let s be (9/6)/(15/400). Calculate the highest common divisor of 60 and s.
20
Suppose 0 = -4*a + 5*s + 65, -3*a + 7*a - 4*s - 68 = 0. Suppose 2*j - a = 4. Calculate the highest common divisor of j and 48.
12
Let k be (-1)/(4 + (-1161)/288). Calculate the highest common factor of k and 464.
16
Let n = -67 - -77. Let l(r) = -r + 24. Let p be l(n). What is the greatest common divisor of 154 and p?
14
Let f(c) = c + 3*c**2 - 2*c - 2*c**3 + 2 - 2*c**2 - 5*c**2. Let p be f(-3). Let g = -11 + p. What is the highest common divisor of 36 and g?
12
Let z = 275 + -246. What is the highest common factor of z and 29?
29
Suppose 3*c - 864 = -c. Let m be ((-15)/(-45))/(2/c). Let h be ((-5)/2)/((-2)/72). Calculate the greatest common divisor of h and m.
18
Let g = 42 - 37. Suppose 42 = -g*c + 202. Let o = -12 + c. Calculate the highest common divisor of o and 50.
10
Suppose -455 = -2*g + l + 78, 274 = g - 2*l. Let x be (-186)/(-4)*(-108)/(-81). Suppose x*j - 144 = 56*j. What is the highest common divisor of g and j?
24
Let h(c) = -c**3 + 6*c**2 - 4*c + 4. Let s be (35/(-28))/((-3)/12). Let k be h(s). What is the greatest common divisor of 153 and k?
9
Suppose c + 38 = 3*c + 2*g, 5*c - 116 = 2*g. Calculate the highest common divisor of c and 253.
11
Let r = 1345 + -1333. Let h(g) = 2*g**2 - 2*g - 12. Let q be h(-8). What is the highest common factor of q and r?
12
Let o = -7 - -9. Suppose p - 3*p - 14 = o*m, 2*p - 4*m = -8. Let t be (-66)/(-4)*p/(-9). What is the highest common divisor of t and 33?
11
Let i = -54 + 25. Let j = i - -41. Suppose x + 296 = 6*x - n, 5*x - 5*n - 280 = 0. Calculate the greatest common divisor of x and j.
12
Suppose 0 = 7*k - 915 + 138. What is the highest common factor of 2997 and k?
111
Let m be (-1)/10*-2 + 7672/40. What is the greatest common factor of m and 12?
12
Let x be 2 - -2 - 9 - -3. Let q be x/((5 + -1)/(-24)). Calculate the highest common factor of 12 and q.
12
Suppose -4*r = 4*d - 44 - 156, -4*d - 205 = -5*r. Calculate the highest common divisor of 9 and r.
9
Let q be 474/(-10) - (-3)/30*4. Let d = 57 + q. Let s(y) = -y**3 - y**2 + y - 4. Let g be s(-4). What is the greatest common factor of g and d?
10
Let i = 249 - 244. Calculate the greatest common factor of i and 115.
5
Let r be 48*(0 + (-3)/(-6)). Suppose -5*u + 69 = r. Suppose 7*s - 6*s = 99. What is the highest common factor of u and s?
9
Suppose 2*p - 5*p = -45. Let v(d) = 12*d - 44. Let q be v(p). What is the greatest common factor of 34 and q?
34
Let f = -5055 - -5280. Let i = -44 - -69. Calculate the greatest common factor of f and i.
25
Suppose -282 = -4*n + 2*c, n + 3*c - 347 = -4*n. Suppose 0 = 5*x - x. Let w be 3 + (x - 0) - -11. What is the highest common factor of w and n?
14
Let r(b) = b**3 + 6*b**2 + 3*b - 5. Let a be r(-5). Calculate the greatest common divisor of 15 and a.
5
Let x be 4/(((-6)/(-27))/(147/9)). Let h = 849 - 427. Let p = h - x. What is the highest common factor of 16 and p?
16
Suppose n - 4*n = 0. Suppose n = -d - 2*z - 2 - 4, -4*d = -5*z + 50. Let t be -6 + 4 - (d + -2). What is the greatest common divisor of 10 and t?
10
Let p be 32/2 - (-11 - -11). Let d = p - 9. What is the greatest common factor of 28 and d?
7
Suppose -3*n - 3 = -0*n. Let d(b) = -12*b. Let w be d(n). Suppose 36 = 5*f - 3*i, -2*f + 8 = 3*i - i. Calculate the greatest common factor of f and w.
6
Let h(d) be the second derivative of d**5/20 + 5*d**4/6 + 6*d**2 - 3*d. Let z be h(-10). Calculate the highest common divisor of 48 and z.
12
Let m be (-20)/5*(1 + 2). Let i = -16 - m. Let v be (-100)/(-8)*i/(-5). Calculate the greatest common divisor of 80 and v.
10
Let f = 246 + -129. Let m(w) = 14*w + 31. Let t be m(-2). Let i be -1*4 - 17*(2 - t). Calculate the highest common factor of i and f.
13
Let g be -3 - 26*(-3)/6. Let j(s) = s**2 - 8*s - 11. Let w be j(g). Suppose -7 = -4*o + 17. Calculate the greatest common 